{"id":58,"date":"2022-06-02T14:55:29","date_gmt":"2022-06-02T12:55:29","guid":{"rendered":"https:\/\/www.cecileplaisance.com\/shop\/?post_type=product&#038;p=58"},"modified":"2026-03-06T20:53:07","modified_gmt":"2026-03-06T19:53:07","slug":"sweet-little-lies-2018-2","status":"publish","type":"product","link":"https:\/\/www.cecileplaisance.com\/shop\/produit\/sweet-little-lies-2018-2\/","title":{"rendered":"SWEET LITTLE LIES 2018"},"content":{"rendered":"<p><img loading=\"lazy\" decoding=\"async\" src=\"https:\/\/i0.wp.com\/www.cecileplaisance.com\/shop\/wp-content\/uploads\/littlelies.jpg?resize=1000%2C1000&#038;ssl=1\" alt=\"\" width=\"1000\" height=\"1000\" class=\"alignleft size-full wp-image-50\" srcset=\"https:\/\/i0.wp.com\/www.cecileplaisance.com\/shop\/wp-content\/uploads\/littlelies.jpg?w=1000&amp;ssl=1 1000w, https:\/\/i0.wp.com\/www.cecileplaisance.com\/shop\/wp-content\/uploads\/littlelies.jpg?resize=300%2C300&amp;ssl=1 300w, https:\/\/i0.wp.com\/www.cecileplaisance.com\/shop\/wp-content\/uploads\/littlelies.jpg?resize=150%2C150&amp;ssl=1 150w, https:\/\/i0.wp.com\/www.cecileplaisance.com\/shop\/wp-content\/uploads\/littlelies.jpg?resize=768%2C768&amp;ssl=1 768w, https:\/\/i0.wp.com\/www.cecileplaisance.com\/shop\/wp-content\/uploads\/littlelies.jpg?resize=470%2C470&amp;ssl=1 470w, https:\/\/i0.wp.com\/www.cecileplaisance.com\/shop\/wp-content\/uploads\/littlelies.jpg?resize=460%2C460&amp;ssl=1 460w, https:\/\/i0.wp.com\/www.cecileplaisance.com\/shop\/wp-content\/uploads\/littlelies.jpg?resize=580%2C580&amp;ssl=1 580w, https:\/\/i0.wp.com\/www.cecileplaisance.com\/shop\/wp-content\/uploads\/littlelies.jpg?resize=600%2C600&amp;ssl=1 600w, https:\/\/i0.wp.com\/www.cecileplaisance.com\/shop\/wp-content\/uploads\/littlelies.jpg?resize=100%2C100&amp;ssl=1 100w\" sizes=\"auto, (max-width: 1000px) 100vw, 1000px\" data-recalc-dims=\"1\" \/><br \/>\nCe livre retrace le travail de C\u00e9cile Plaisance de 2015 \u00e0 2018. On y retrouve son th\u00e8me pr\u00e9f\u00e9r\u00e9 : la d\u00e9fense des droits des femmes. Elle y d\u00e9nonce l\u2019emprise religieuse et le patriarcat. Vous trouverez aussi ses best Sellers de \u00abBarbies\u00bb.<br \/>\nLa s\u00e9rie de Puzzles, destins bris\u00e9s de stars, est \u00e9galement pr\u00e9sente dans cet ouvrage.<\/p>\n<p><em><span style=\"color: #808080;\">This book chronicles Cecile Plaisance&#8217;s work from 2015 to 2018. We find her favorite themes around the defense of women&#8217;s rights. She denounces the religious hold and the patriarchy. You will also find her best-selling \u00abBarbies\u00bb.<br \/>\nThe Puzzle series, broken destinies of stars, is also present in this book.<\/span><\/em><\/p>\n<p>Edition: CDP<br \/>\n<strong>Prix de vente : 70 \u20ac TTC + frais de livraison<\/strong><\/p>\n<p>Available as well on Amazon :<br \/>\n<a href=\"https:\/\/www.amazon.fr\/Sweet-Little-Lies-C%C3%A9cile-Plaisance\/dp\/2351301196\/\" rel=\"noopener\" target=\"_blank\">https:\/\/www.amazon.fr\/Sweet-Little-Lies-C%C3%A9cile-Plaisance\/dp\/2351301196\/<\/a><\/p>\n","protected":false},"excerpt":{"rendered":"<p>Ce livre retrace le travail de C\u00e9cile Plaisance de 2015 \u00e0 2018. On y retrouve son th\u00e8me pr\u00e9f\u00e9r\u00e9 : la d\u00e9fense des droits des femmes. Elle y d\u00e9nonce l\u2019emprise religieuse et le patriarcat. Vous trouverez aussi ses best Sellers de \u00abBarbies\u00bb. La s\u00e9rie de Puzzles, destins bris\u00e9s de stars, est \u00e9galement pr\u00e9sente dans cet ouvrage. This book chronicles Cecile Plaisance&#8217;s&#8230;<\/p>\n","protected":false},"featured_media":50,"template":"","meta":{"spay_email":"","jetpack_publicize_message":"","jetpack_is_tweetstorm":false,"jetpack_publicize_feature_enabled":true},"product_cat":[17],"product_tag":[],"class_list":["post-58","product","type-product","status-publish","has-post-thumbnail","hentry","product_cat-non-classe"],"yoast_head":"<!-- This site is optimized with the Yoast SEO plugin v19.0 - https:\/\/yoast.com\/wordpress\/plugins\/seo\/ -->\n<title>SWEET LITTLE LIES 2018 - C\u00e9cile Plaisance<\/title>\n<meta name=\"robots\" content=\"index, follow, max-snippet:-1, max-image-preview:large, max-video-preview:-1\" \/>\n<link rel=\"canonical\" href=\"https:\/\/www.cecileplaisance.com\/shop\/produit\/sweet-little-lies-2018-2\/\" \/>\n<meta property=\"og:locale\" content=\"fr_FR\" \/>\n<meta property=\"og:type\" content=\"article\" \/>\n<meta property=\"og:title\" content=\"SWEET LITTLE LIES 2018 - C\u00e9cile Plaisance\" \/>\n<meta property=\"og:description\" content=\"Ce livre retrace le travail de C\u00e9cile Plaisance de 2015 \u00e0 2018. On y retrouve son th\u00e8me pr\u00e9f\u00e9r\u00e9 : la d\u00e9fense des droits des femmes. Elle y d\u00e9nonce l\u2019emprise religieuse et le patriarcat. Vous trouverez aussi ses best Sellers de \u00abBarbies\u00bb. La s\u00e9rie de Puzzles, destins bris\u00e9s de stars, est \u00e9galement pr\u00e9sente dans cet ouvrage. This book chronicles Cecile Plaisance&#8217;s...\" \/>\n<meta property=\"og:url\" content=\"https:\/\/www.cecileplaisance.com\/shop\/produit\/sweet-little-lies-2018-2\/\" \/>\n<meta property=\"og:site_name\" content=\"C\u00e9cile Plaisance\" \/>\n<meta property=\"article:modified_time\" content=\"2026-03-06T19:53:07+00:00\" \/>\n<meta property=\"og:image\" content=\"https:\/\/i0.wp.com\/www.cecileplaisance.com\/shop\/wp-content\/uploads\/littlelies.jpg?fit=1000%2C1000&#038;ssl=1\" \/>\n\t<meta property=\"og:image:width\" content=\"1000\" \/>\n\t<meta property=\"og:image:height\" content=\"1000\" \/>\n\t<meta property=\"og:image:type\" content=\"image\/jpeg\" \/>\n<meta name=\"twitter:card\" content=\"summary_large_image\" \/>\n<meta name=\"twitter:label1\" content=\"Dur\u00e9e de lecture estim\u00e9e\" \/>\n\t<meta name=\"twitter:data1\" content=\"1 minute\" \/>\n<script type=\"application\/ld+json\" class=\"yoast-schema-graph\">{\"@context\":\"https:\/\/schema.org\",\"@graph\":[{\"@type\":\"WebSite\",\"@id\":\"https:\/\/www.cecileplaisance.com\/shop\/#website\",\"url\":\"https:\/\/www.cecileplaisance.com\/shop\/\",\"name\":\"C\u00e9cile Plaisance\",\"description\":\"Official Website\",\"potentialAction\":[{\"@type\":\"SearchAction\",\"target\":{\"@type\":\"EntryPoint\",\"urlTemplate\":\"https:\/\/www.cecileplaisance.com\/shop\/?s={search_term_string}\"},\"query-input\":\"required name=search_term_string\"}],\"inLanguage\":\"fr-FR\"},{\"@type\":\"ImageObject\",\"inLanguage\":\"fr-FR\",\"@id\":\"https:\/\/www.cecileplaisance.com\/shop\/produit\/sweet-little-lies-2018-2\/#primaryimage\",\"url\":\"https:\/\/i0.wp.com\/www.cecileplaisance.com\/shop\/wp-content\/uploads\/littlelies.jpg?fit=1000%2C1000&ssl=1\",\"contentUrl\":\"https:\/\/i0.wp.com\/www.cecileplaisance.com\/shop\/wp-content\/uploads\/littlelies.jpg?fit=1000%2C1000&ssl=1\",\"width\":1000,\"height\":1000},{\"@type\":\"WebPage\",\"@id\":\"https:\/\/www.cecileplaisance.com\/shop\/produit\/sweet-little-lies-2018-2\/#webpage\",\"url\":\"https:\/\/www.cecileplaisance.com\/shop\/produit\/sweet-little-lies-2018-2\/\",\"name\":\"SWEET LITTLE LIES 2018 - C\u00e9cile Plaisance\",\"isPartOf\":{\"@id\":\"https:\/\/www.cecileplaisance.com\/shop\/#website\"},\"primaryImageOfPage\":{\"@id\":\"https:\/\/www.cecileplaisance.com\/shop\/produit\/sweet-little-lies-2018-2\/#primaryimage\"},\"datePublished\":\"2022-06-02T12:55:29+00:00\",\"dateModified\":\"2026-03-06T19:53:07+00:00\",\"breadcrumb\":{\"@id\":\"https:\/\/www.cecileplaisance.com\/shop\/produit\/sweet-little-lies-2018-2\/#breadcrumb\"},\"inLanguage\":\"fr-FR\",\"potentialAction\":[{\"@type\":\"ReadAction\",\"target\":[\"https:\/\/www.cecileplaisance.com\/shop\/produit\/sweet-little-lies-2018-2\/\"]}]},{\"@type\":\"BreadcrumbList\",\"@id\":\"https:\/\/www.cecileplaisance.com\/shop\/produit\/sweet-little-lies-2018-2\/#breadcrumb\",\"itemListElement\":[{\"@type\":\"ListItem\",\"position\":1,\"name\":\"Accueil\",\"item\":\"https:\/\/www.cecileplaisance.com\/shop\/\"},{\"@type\":\"ListItem\",\"position\":2,\"name\":\"SWEET LITTLE LIES 2018\"}]}]}<\/script>\n<!-- \/ Yoast SEO plugin. -->","yoast_head_json":{"title":"SWEET LITTLE LIES 2018 - C\u00e9cile Plaisance","robots":{"index":"index","follow":"follow","max-snippet":"max-snippet:-1","max-image-preview":"max-image-preview:large","max-video-preview":"max-video-preview:-1"},"canonical":"https:\/\/www.cecileplaisance.com\/shop\/produit\/sweet-little-lies-2018-2\/","og_locale":"fr_FR","og_type":"article","og_title":"SWEET LITTLE LIES 2018 - C\u00e9cile Plaisance","og_description":"Ce livre retrace le travail de C\u00e9cile Plaisance de 2015 \u00e0 2018. On y retrouve son th\u00e8me pr\u00e9f\u00e9r\u00e9 : la d\u00e9fense des droits des femmes. Elle y d\u00e9nonce l\u2019emprise religieuse et le patriarcat. Vous trouverez aussi ses best Sellers de \u00abBarbies\u00bb. La s\u00e9rie de Puzzles, destins bris\u00e9s de stars, est \u00e9galement pr\u00e9sente dans cet ouvrage. This book chronicles Cecile Plaisance&#8217;s...","og_url":"https:\/\/www.cecileplaisance.com\/shop\/produit\/sweet-little-lies-2018-2\/","og_site_name":"C\u00e9cile Plaisance","article_modified_time":"2026-03-06T19:53:07+00:00","og_image":[{"width":1000,"height":1000,"url":"https:\/\/i0.wp.com\/www.cecileplaisance.com\/shop\/wp-content\/uploads\/littlelies.jpg?fit=1000%2C1000&ssl=1","type":"image\/jpeg"}],"twitter_card":"summary_large_image","twitter_misc":{"Dur\u00e9e de lecture estim\u00e9e":"1 minute"},"schema":{"@context":"https:\/\/schema.org","@graph":[{"@type":"WebSite","@id":"https:\/\/www.cecileplaisance.com\/shop\/#website","url":"https:\/\/www.cecileplaisance.com\/shop\/","name":"C\u00e9cile Plaisance","description":"Official Website","potentialAction":[{"@type":"SearchAction","target":{"@type":"EntryPoint","urlTemplate":"https:\/\/www.cecileplaisance.com\/shop\/?s={search_term_string}"},"query-input":"required name=search_term_string"}],"inLanguage":"fr-FR"},{"@type":"ImageObject","inLanguage":"fr-FR","@id":"https:\/\/www.cecileplaisance.com\/shop\/produit\/sweet-little-lies-2018-2\/#primaryimage","url":"https:\/\/i0.wp.com\/www.cecileplaisance.com\/shop\/wp-content\/uploads\/littlelies.jpg?fit=1000%2C1000&ssl=1","contentUrl":"https:\/\/i0.wp.com\/www.cecileplaisance.com\/shop\/wp-content\/uploads\/littlelies.jpg?fit=1000%2C1000&ssl=1","width":1000,"height":1000},{"@type":"WebPage","@id":"https:\/\/www.cecileplaisance.com\/shop\/produit\/sweet-little-lies-2018-2\/#webpage","url":"https:\/\/www.cecileplaisance.com\/shop\/produit\/sweet-little-lies-2018-2\/","name":"SWEET LITTLE LIES 2018 - C\u00e9cile Plaisance","isPartOf":{"@id":"https:\/\/www.cecileplaisance.com\/shop\/#website"},"primaryImageOfPage":{"@id":"https:\/\/www.cecileplaisance.com\/shop\/produit\/sweet-little-lies-2018-2\/#primaryimage"},"datePublished":"2022-06-02T12:55:29+00:00","dateModified":"2026-03-06T19:53:07+00:00","breadcrumb":{"@id":"https:\/\/www.cecileplaisance.com\/shop\/produit\/sweet-little-lies-2018-2\/#breadcrumb"},"inLanguage":"fr-FR","potentialAction":[{"@type":"ReadAction","target":["https:\/\/www.cecileplaisance.com\/shop\/produit\/sweet-little-lies-2018-2\/"]}]},{"@type":"BreadcrumbList","@id":"https:\/\/www.cecileplaisance.com\/shop\/produit\/sweet-little-lies-2018-2\/#breadcrumb","itemListElement":[{"@type":"ListItem","position":1,"name":"Accueil","item":"https:\/\/www.cecileplaisance.com\/shop\/"},{"@type":"ListItem","position":2,"name":"SWEET LITTLE LIES 2018"}]}]}},"_links":{"self":[{"href":"https:\/\/www.cecileplaisance.com\/shop\/wp-json\/wp\/v2\/product\/58","targetHints":{"allow":["GET"]}}],"collection":[{"href":"https:\/\/www.cecileplaisance.com\/shop\/wp-json\/wp\/v2\/product"}],"about":[{"href":"https:\/\/www.cecileplaisance.com\/shop\/wp-json\/wp\/v2\/types\/product"}],"wp:featuredmedia":[{"embeddable":true,"href":"https:\/\/www.cecileplaisance.com\/shop\/wp-json\/wp\/v2\/media\/50"}],"wp:attachment":[{"href":"https:\/\/www.cecileplaisance.com\/shop\/wp-json\/wp\/v2\/media?parent=58"}],"wp:term":[{"taxonomy":"product_cat","embeddable":true,"href":"https:\/\/www.cecileplaisance.com\/shop\/wp-json\/wp\/v2\/product_cat?post=58"},{"taxonomy":"product_tag","embeddable":true,"href":"https:\/\/www.cecileplaisance.com\/shop\/wp-json\/wp\/v2\/product_tag?post=58"}],"curies":[{"name":"wp","href":"https:\/\/api.w.org\/{rel}","templated":true}]}}